et o(p) = p**3 - 2*p**2 + 2*p + 2. Let v = -6 + 9. Suppose -v + 28 = 5*t. Suppose -t*d + 2*n = -18, 14 = -d + 6*d - n. Calculate o(d).
6
Let a(b) = -5 + 12 - 9 + 3*b**2 - 5*b**2. Give a(2).
-10
Let c(v) = v**2 - 7*v - 8. Suppose -g = 3*g - 24. Calculate c(g).
-14
Let d(s) be the first derivative of -s**2/2 + 6*s - 2. Let j = -10 - -16. Give d(j).
0
Let x(w) = -w**2 + w - 1. Let c(a) = -a**2 + a - 2. Let l(m) = -c(m) + 2*x(m). Let g(j) = 5*j**2 - 2*j. Let h(d) = -2*g(d) - 6*l(d). What is h(-2)?
-12
Let p(n) = 2*n + 13. Let t(v) = -2*v - 12. Let k(r) = -2*p(r) - 3*t(r). Determine k(-8).
-6
Suppose m = -m + 4. Let l(g) = 6*g - 1 + 9*g**2 - 8*g**m - 3*g. Give l(-4).
3
Let h(z) = -z**2 + 3. Let d = -64 - -129. Let s = d + -37. Let o be 2/(-4) + s/8. Give h(o).
-6
Let d(n) = -n - 2. Let r be -1*2/2*-16. Let u(w) = w**3 + 15*w**2 + 13*w - 10. Let z be u(-14). Suppose z*j + 8 = -r. Calculate d(j).
4
Let s be 3/(3*(-3)/6). Let z(x) = 9*x + 2. Give z(s).
-16
Let h(m) = m**2 + 16*m + 18. Let p be h(-15). Let i(z) = -8*z + 4. What is i(p)?
-20
Suppose 3*q = -2*q + 10. Let l be (12/(-30))/(q/10). Let n = -1 - l. Let x(f) = 3*f**3 - f**2 + f - 1. Determine x(n).
2
Suppose 0 = -3*f + 2*f + 3*p - 1, 2*p = f. Suppose -q - l = -3*l - 4, f*q - l - 8 = 0. Let x(z) = z**2 - 5*z. Calculate x(q).
-4
Let o = -25 - -25. Let w(c) = -c - 2. Let t be w(-4). Suppose -t*l + 4*l = o. Let v(s) = s - 3. Determine v(l).
-3
Suppose 0 = -5*k - 0*k + 20, 0 = -2*i - 4*k + 12. Let t be 1 + -1 + i - 0. Let v(m) = -m - 2. Determine v(t).
0
Suppose 23 = 2*u - u. Let c = u + -33. Let r = 6 + c. Let f(g) = -g - 5. What is f(r)?
-1
Suppose o - 4*f = 6, -4*o + f + 14 + 10 = 0. Let z(h) = -h**3 + 6*h**2 + 5. Determine z(o).
5
Let c(s) = -3*s**2. Let d be c(1). Let u(a) = a**2 + 3*a + 1. Determine u(d).
1
Let k(i) be the third derivative of -i**6/120 - 7*i**5/60 - i**4/3 - i**3/6 - 6*i**2. Calculate k(-6).
11
Let m(q) = -q**2 + 6*q - 5. Let g = -7 + 11. Determine m(g).
3
Let h(v) be the second derivative of -v**4/12 + v**3/2 + v**2 - 25*v. Let m = -16 - -3. Let t = 18 + m. Give h(t).
-8
Let y(p) be the third derivative of -7/6*p**3 + 1/15*p**5 - 1/120*p**6 + 4*p**2 + 1/4*p**4 + 0 + 0*p. Calculate y(5).
-2
Let z be ((-2)/3)/(6/(-9)). Let w = 4 - z. Let j(u) = u + 2. Determine j(w).
5
Let o(f) = -f**3 - 5*f**2 - 2*f - 4. Let l be (12/4)/(2/(-4)). Let p be -1 - 2/l*0. Let u be (-4 + p)*(-1)/(-1). Give o(u).
6
Let p(u) = -4*u**2 - 10*u + 7. Suppose -4 = 2*w + 6. Let q(a) = -5*a**2 - 11*a + 8. Let f(y) = w*q(y) + 6*p(y). Determine f(5).
2
Let h(y) = 993*y - 3 + 1 - 991*y. Give h(-3).
-8
Let t(b) = b**3 - 5*b**2 + 4*b + 2. Let c be t(4). Let l = -15 - -18. Let q(w) = -l*w**3 - 70*w**2 + w**3 + 72*w**2 + 1. Calculate q(c).
-7
Let b(h) = h**2 + 8*h + 3. Suppose 2*p - 4*s + 5*s + 15 = 0, -3*p - s = 25. Let w be (-2 + p)/1 + -1. Let r = w + 8. Calculate b(r).
-12
Let u(l) be the first derivative of -3*l**2/2 - 4*l + 26. Give u(3).
-13
Let m(z) = z**3 - z**2 - z + 1. Let u(b) = 5*b**3 - 6*b**2 - 4*b + 2. Let c(x) = 4*m(x) - u(x). Calculate c(2).
2
Suppose 5*s = 40 - 10. Let d be 6/(s/2) + -3. Let f(o) = -4*o**3 - 4*o**2 - o. Let m(p) = 4*p**3 + 3*p**2 + p. Let c(l) = -3*f(l) - 4*m(l). Calculate c(d).
5
Let w(b) = -b**2 + 7*b - 6. Let y be w(5). Suppose l = y, -3*l + 12 = -m + 4. Let o(k) = k**2 - 7*k + 2. Determine o(m).
-10
Suppose -2*x = 5*d + 11, 2*x = 5*d + 5*x + 9. Let i(j) = -2*j + 4. Calculate i(d).
10
Let k be 4/(-14) + (-368)/(-112). Let x(a) = -a**3 + 5*a**2 - a - 3. Give x(k).
12
Let u(m) = 2*m**3 - m**2 - m. Let t(i) be the third derivative of -i**6/40 + i**5/60 + i**4/12 - 4*i**2. Let f(k) = -5*t(k) - 8*u(k). Calculate f(3).
-6
Let t(x) = x**2 + x - 3. Let k = -9 - -9. Determine t(k).
-3
Let i(f) be the second derivative of f**4/12 - f**2/2 - 3*f. Let j(t) be the second derivative of t**3/6 - 5*t**2/2 - 2*t. Let h be j(3). Give i(h).
3
Let v(r) = r**3 + 10*r**2 - 10*r + 13. Let z be v(-11). Let d(t) = -15*t + 3. Let o(p) = 7*p - 1. Let n(u) = z*d(u) + 5*o(u). Calculate n(-1).
-4
Let t(r) = 4*r - 5. Let c(p) = -p - 1. Let z(f) = 2*f**3 - 11*f**2 - 7*f + 2. Let l be z(6). Let m(v) = l*c(v) + t(v). Calculate m(1).
7
Suppose 0*v + 3*v - 25 = -4*f, 2*f - 14 = -2*v. Let s(a) be the first derivative of -a**2/2 + 4*a - 3. Determine s(v).
1
Let k(b) = b**3 + 8*b**2 + 6*b - 1. Let q be k(-7). Suppose 2*a + q = a. Let w(y) = y**2 + 6*y + 1. Give w(a).
1
Let d(m) be the first derivative of -3 + 3/2*m**2 + m. Let u(o) = o**3 + 4*o**2 + 3*o + 2. Let p be u(-3). Determine d(p).
7
Let y = -11 + 15. Let r be (-10)/(-3)*(-6)/y. Let t(b) = b**2 + 6*b + 1. What is t(r)?
-4
Let x(a) = 2*a**2 - 2*a + 1. Let g be x(2). Suppose -2 - 3 = -5*r + g*j, -4*r + 5*j = -5. Let h(v) = v - 11. Determine h(r).
-11
Let h(z) = -z - 3. Let m = -17 - -14. What is h(m)?
0
Let o(j) = -j**3 - 5*j**2 + 6*j + 1. Let u be o(-6). Let z(k) = -10*k**3 + k**2. Determine z(u).
-9
Let c(h) = -3*h + 1. Suppose -3*p - 1 - 2 = 0. Calculate c(p).
4
Let j(f) = f - 9. Let l = 4 - 6. Let n be (0 - 1)*2 - l. Calculate j(n).
-9
Let u be 12/9*6/(-4). Let j(v) = 2*v**2 - 2*v + 1. Give j(u).
13
Let z be ((-2)/(-10))/((-23)/(-230)). Let m(j) = 2*j**2 - 4*j + 2. What is m(z)?
2
Suppose a - 5*x = -4*x - 6, -3*a + 5*x - 20 = 0. Let y(g) = -2*g**2 - 7*g + 1. Give y(a).
-14
Let j(q) be the first derivative of q**4/4 + 5*q**3/3 - 7*q**2/2 - 7*q - 21. Let u(i) = -i**2 + 6*i - 6. Let o be u(6). Give j(o).
-1
Suppose -c + 4 = 2*k, 4*k - 2*k - c = 4. Let z(a) = a**2 + 0*a - a + 4*a + k. Calculate z(-2).
0
Let r(u) = -u**2 - 4*u - 4. Suppose -c + n = 0, -6 = -2*c - n - 21. Determine r(c).
-9
Let v be ((-1)/(-3))/(1/6). Let w be 2*((-3)/v - 1). Let q(a) be the third derivative of a**4/12 + a**3 - 8*a**2. What is q(w)?
-4
Suppose 0*t + 20 = 2*t. Let v be (t/(-3))/((-2)/3). Let u(k) = -k + 5. Determine u(v).
0
Suppose -3*v = -4*d - 35, -3*d + 4*v - 19 = 16. Let o = d + 8. Let n(m) be the second derivative of m**4/12 - 2*m**3/3 + m**2/2 - m. Determine n(o).
-2
Let k(l) = l + 2. Let d(y) = 1. Let x(r) = -2*d(r) + k(r). Let m(a) = -3*a - 11. Let q be m(-5). Suppose -2*h + 0 - 7 = -b, b + 5 = -q*h. Give x(h).
-2
Let g(l) = l - 20*l**2 + l**3 + 44*l**2 - 25*l**2 + 2. Give g(0).
2
Let g(i) = 2*i**3 - 5*i**2 + 2*i - 3. Let s(p) = 3*p**3 - 8*p**2 + 3*p - 4. Let y(x) = 8*g(x) - 5*s(x). Determine y(0).
-4
Let i(n) = 38*n**2 + 0 + 2 - 22*n**2 - 17*n**2. Determine i(0).
2
Let k(z) = -2*z. Let h(q) = -2*q - 1. Let s(g) = -3*h(g) + 2*k(g). Give s(3).
9
Let m be (-26)/(-6) + -3 - 2/6. Let u(v) = -9*v**3 + 2*v - 1. Calculate u(m).
-8
Let v(w) = -3*w**2 - 14 - 2*w + 33 - 20 - 2*w**3. Calculate v(-2).
7
Suppose 2*z - b = 19, -3*z = 2*z + 3*b - 20. Let k = z - 9. Let r(v) = 4*v + 6. Let l(i) = 5*i + 5. Let n(o) = k*l(o) + 3*r(o). Calculate n(-6).
-4
Let m(y) be the third derivative of -y**5/60 + y**4/4 - y**3/2 - 13*y**2. Determine m(6).
-3
Suppose -x = 1 - 2. Let b be x/(2/(-6)) - -3. Let r(v) be the second derivative of -v**3/6 - 3*v**2 + v. What is r(b)?
-6
Let x(p) = 16*p**3 + 51*p**2 + 35*p - 31. Let z(n) = 3*n**3 + 10*n**2 + 7*n - 6. Let m(q) = -2*x(q) + 11*z(q). Calculate m(-7).
-4
Let h(o) = o**3 + 5*o**2 - 6*o + 3. Let v(i) = 5*i**2 + 26*i + 3. Let l(u) = -2*u**2 - 9*u - 1. Let c(x) = 8*l(x) + 3*v(x). Let g be c(7). Determine h(g).
3
Let g(s) = s**2 - 2. Suppose 0 = -4*a - r + 9, 2*a + 2*a - 3*r = 21. Give g(a).
7
Let p(k) = -10*k. Let v = 7 + -5. Let t = v + -2. Suppose -4*w - 5*b = -4, 3*w + 4*b - 3 = -t*w. What is p(w)?
-10
Suppose 3*l + 2*d = 1, 3*d = -0*l - 2*l - 6. Let c(j) = 3*j**2 + 4*j - 5. Let f(s) = -4*s**2 - 4*s + 6. Let n(v) = -5*c(v) - 4*f(v). What is n(l)?
-2
Let i(c) = 2*c**2 + 5*c + 3. Let w(l) = 3*l**2 + 10*l + 5. Let k(q) = -5*i(q) + 3*w(q). Suppose 2*g + 2 = 3*p + 6, -4 = -2*p. What is k(g)?
0
Suppose 5*i = -57 + 97. Let o(u) = -u**3 + 9*u**2 - 10*u + 7. Calculate o(i).
-9
Let t(o) = 2*o + 2. Let u(w) = w + 1. Let a(p) = -4*t(p) + 7*u(p). Determine a(0).
-1
Let u(p) = -p**3 - 3*p**2 + p + 3. Suppose 4*f - 2 = 6. Let r be 5/((-5)/f) + -1. Determine u(r).
0
Let n(s) = 2*s + 0*s + 5 - 3*s + 2*s. Determine n(-4).
1
Suppose -5*d = 2*n - 39, 0 = 2*d + n + 4*n - 24. Suppose -2*s - 14 + 2 = 0. Let r = s + d. Let f(k) = -k + 1. What is f(r)?
0
Let n(j) = 0 + 